{"id":47,"date":"2025-11-15T08:53:05","date_gmt":"2025-11-15T08:53:05","guid":{"rendered":"https:\/\/hermandadviacrucis.ihermandad.es\/?page_id=47"},"modified":"2026-02-03T00:29:24","modified_gmt":"2026-02-03T00:29:24","slug":"titular","status":"publish","type":"page","link":"https:\/\/hermandadviacrucis.com\/index.php\/titular\/","title":{"rendered":"Titular"},"content":{"rendered":"\t\t<div data-elementor-type=\"wp-page\" data-elementor-id=\"47\" class=\"elementor elementor-47\" data-elementor-post-type=\"page\">\n\t\t\t\t<div class=\"elementor-element elementor-element-529aeac e-flex e-con-boxed e-con e-parent\" data-id=\"529aeac\" data-element_type=\"container\" data-e-type=\"container\">\n\t\t\t\t\t<div class=\"e-con-inner\">\n\t\t\t\t<div class=\"elementor-element elementor-element-f80a58d elementor-widget elementor-widget-image\" data-id=\"f80a58d\" data-element_type=\"widget\" data-e-type=\"widget\" data-widget_type=\"image.default\">\n\t\t\t\t\t\t\t\t\t\t\t\t\t\t\t<img fetchpriority=\"high\" decoding=\"async\" width=\"800\" height=\"533\" src=\"https:\/\/hermandadviacrucis.com\/wp-content\/uploads\/2026\/02\/Titular-1.jpg\" class=\"attachment-large size-large wp-image-9006\" alt=\"\" srcset=\"https:\/\/hermandadviacrucis.com\/wp-content\/uploads\/2026\/02\/Titular-1.jpg 800w, https:\/\/hermandadviacrucis.com\/wp-content\/uploads\/2026\/02\/Titular-1-300x200.jpg 300w, https:\/\/hermandadviacrucis.com\/wp-content\/uploads\/2026\/02\/Titular-1-768x512.jpg 768w\" sizes=\"(max-width: 800px) 100vw, 800px\" \/>\t\t\t\t\t\t\t\t\t\t\t\t\t\t\t<\/div>\n\t\t\t\t<div class=\"elementor-element elementor-element-3f09adb elementor-widget elementor-widget-html\" data-id=\"3f09adb\" data-element_type=\"widget\" data-e-type=\"widget\" data-widget_type=\"html.default\">\n\t\t\t\t\t<div class=\"titular-cristo\">\r\n  <h2 class=\"titular-titulo\">Titular<\/h2>\r\n\r\n  <p>\r\n    El Santo Cristo de la Salud ocupa el altar situado en el lado izquierdo de la antigua iglesia trinitaria. Es un retablo barroco de hacia 1730, realizado con motivo de las obras de renovaci\u00f3n del templo. Es de madera tallada, dorada y policromada. La calle central es m\u00e1s ancha y en ella se ha dibujado una cruz donde va embutida la de madera del crucificado. A sus lados se disponen hornacinas donde est\u00e1 el grupo de la Sant\u00edsima Trinidad. Una cornisa da paso a una pintura del Descendimiento.\r\n  <\/p>\r\n\r\n  <p>\r\n    Conocemos que la imagen est\u00e1 fechada en 1590 gracias al pergamino que apareci\u00f3 en su interior con motivo de la restauraci\u00f3n realizada en 1974 por Miguel Arjona Navarro, \u201cerigocose este Cristo en doce de Marzo de 1590 siendo prioste Diego Lopez Maldonado. Firmado y rubricado\u201d.\r\n  <\/p>\r\n\r\n  <p>\r\n    Como ha certificado D. Juan Aranda Doncel, Diego L\u00f3pez era el prioste de la Cofrad\u00eda de la Coronaci\u00f3n, establecida en el convento de los trinitarios desde el siglo XVI, y fundada entre 1578 y 1630, y que pose\u00eda varias im\u00e1genes destinadas a procesionar. Perteneciendo el crucificado a esta Cofrad\u00eda, siendo el titular de la misma el Cristo del Escarnio o de la Coronaci\u00f3n.\r\n  <\/p>\r\n\r\n  <p>\r\n    En relaci\u00f3n a la advocaci\u00f3n de la Salud no hay datos fiables aunque se ha relacionado a las procesiones votivas y los cultos que se llevaban a cabo con motivo de las frecuentes epidemias que asolaban en el pasado a las ciudades andaluzas.\r\n  <\/p>\r\n\r\n  <p>\r\n    Villar Movell\u00e1n y D\u00edaz Vaquero, en estudio realizado en 1991, clasificaron a este Cristo como obra de car\u00e1cter arcaizante, emparentada con lo granadino y hermanada con el interesante grupo de Cristos crucificados de la misma \u00e9poca que se conservan en la ciudad:\r\n  <\/p>\r\n\r\n  <blockquote class=\"titular-cita\">\r\n    <p>\r\n      \u201cSe trata de un Cristo muerto, sujeto al madero por tres clavos y cubierto por un sudario de tonos marfile\u00f1os con flores dispersas, anudado al lado izquierdo. La cabeza se inclina a la derecha dejando ver un cuello musculoso. El cabello, ca\u00eddo por la espalda y el hombro derecho, es una masa compacta trabajada en golpes largos que contrasta con el tratamiento artificioso de la barba, dispuesta en espirales paralelas. El torso es de complexi\u00f3n robusta, bien trabajado en la caja tor\u00e1cica, en el juego de hombros, en las clav\u00edculas; ese buen trabajo se aprecia tambi\u00e9n en las extremidades, que avalan la calidad y buena formaci\u00f3n de taller de su an\u00f3nimo creador.\r\n      <br><br>\r\n      Lleva en la cabeza potencias de plata de est\u00e9tica barroca, tambi\u00e9n son de plata los clavos y el INRI. En la restauraci\u00f3n antes citada se le puso a la imagen corona de espinas de madera tallada simulando gruesas ramas, como la que lucen otras im\u00e1genes de la \u00e9poca. Asimismo se eliminaron repintes, especialmente del rostro, que gan\u00f3 en dramatismo\u201d.\r\n    <\/p>\r\n  <\/blockquote>\r\n<\/div>\r\n\t\t\t\t<\/div>\n\t\t\t\t\t<\/div>\n\t\t\t\t<\/div>\n\t\t<div class=\"elementor-element elementor-element-e4d74e7 e-flex e-con-boxed e-con e-parent\" data-id=\"e4d74e7\" data-element_type=\"container\" data-e-type=\"container\">\n\t\t\t\t\t<div class=\"e-con-inner\">\n\t\t\t\t<div class=\"elementor-element elementor-element-a1481ef elementor-widget elementor-widget-gallery\" data-id=\"a1481ef\" data-element_type=\"widget\" data-e-type=\"widget\" data-settings=\"{&quot;aspect_ratio&quot;:&quot;9:16&quot;,&quot;lazyload&quot;:&quot;yes&quot;,&quot;gallery_layout&quot;:&quot;grid&quot;,&quot;columns&quot;:4,&quot;columns_tablet&quot;:2,&quot;columns_mobile&quot;:1,&quot;gap&quot;:{&quot;unit&quot;:&quot;px&quot;,&quot;size&quot;:10,&quot;sizes&quot;:[]},&quot;gap_tablet&quot;:{&quot;unit&quot;:&quot;px&quot;,&quot;size&quot;:10,&quot;sizes&quot;:[]},&quot;gap_mobile&quot;:{&quot;unit&quot;:&quot;px&quot;,&quot;size&quot;:10,&quot;sizes&quot;:[]},&quot;link_to&quot;:&quot;file&quot;,&quot;overlay_background&quot;:&quot;yes&quot;,&quot;content_hover_animation&quot;:&quot;fade-in&quot;}\" data-widget_type=\"gallery.default\">\n\t\t\t\t\t\t\t<div class=\"elementor-gallery__container\">\n\t\t\t\t\t\t\t<a class=\"e-gallery-item elementor-gallery-item elementor-animated-content\" href=\"https:\/\/hermandadviacrucis.com\/wp-content\/uploads\/2026\/02\/Titular-6.jpg\" data-elementor-open-lightbox=\"yes\" data-elementor-lightbox-slideshow=\"a1481ef\" data-elementor-lightbox-title=\"Titular (6)\" data-e-action-hash=\"#elementor-action%3Aaction%3Dlightbox%26settings%3DeyJpZCI6OTAxMSwidXJsIjoiaHR0cHM6XC9cL2hlcm1hbmRhZHZpYWNydWNpcy5jb21cL3dwLWNvbnRlbnRcL3VwbG9hZHNcLzIwMjZcLzAyXC9UaXR1bGFyLTYuanBnIiwic2xpZGVzaG93IjoiYTE0ODFlZiJ9\">\n\t\t\t\t\t<div class=\"e-gallery-image elementor-gallery-item__image\" data-thumbnail=\"https:\/\/hermandadviacrucis.com\/wp-content\/uploads\/2026\/02\/Titular-6-683x1024.jpg\" data-width=\"683\" data-height=\"1024\" aria-label=\"\" role=\"img\" ><\/div>\n\t\t\t\t\t\t\t\t\t\t\t<div class=\"elementor-gallery-item__overlay\"><\/div>\n\t\t\t\t\t\t\t\t\t\t\t\t\t\t<\/a>\n\t\t\t\t\t\t\t<a class=\"e-gallery-item elementor-gallery-item elementor-animated-content\" href=\"https:\/\/hermandadviacrucis.com\/wp-content\/uploads\/2026\/02\/Titular-2.jpg\" data-elementor-open-lightbox=\"yes\" data-elementor-lightbox-slideshow=\"a1481ef\" data-elementor-lightbox-title=\"Titular (2)\" data-e-action-hash=\"#elementor-action%3Aaction%3Dlightbox%26settings%3DeyJpZCI6OTAwNywidXJsIjoiaHR0cHM6XC9cL2hlcm1hbmRhZHZpYWNydWNpcy5jb21cL3dwLWNvbnRlbnRcL3VwbG9hZHNcLzIwMjZcLzAyXC9UaXR1bGFyLTIuanBnIiwic2xpZGVzaG93IjoiYTE0ODFlZiJ9\">\n\t\t\t\t\t<div class=\"e-gallery-image elementor-gallery-item__image\" data-thumbnail=\"https:\/\/hermandadviacrucis.com\/wp-content\/uploads\/2026\/02\/Titular-2.jpg\" data-width=\"800\" data-height=\"533\" aria-label=\"\" role=\"img\" ><\/div>\n\t\t\t\t\t\t\t\t\t\t\t<div class=\"elementor-gallery-item__overlay\"><\/div>\n\t\t\t\t\t\t\t\t\t\t\t\t\t\t<\/a>\n\t\t\t\t\t\t\t<a class=\"e-gallery-item elementor-gallery-item elementor-animated-content\" href=\"https:\/\/hermandadviacrucis.com\/wp-content\/uploads\/2026\/02\/Titular-5.jpg\" data-elementor-open-lightbox=\"yes\" data-elementor-lightbox-slideshow=\"a1481ef\" data-elementor-lightbox-title=\"Titular (5)\" data-e-action-hash=\"#elementor-action%3Aaction%3Dlightbox%26settings%3DeyJpZCI6OTAxMCwidXJsIjoiaHR0cHM6XC9cL2hlcm1hbmRhZHZpYWNydWNpcy5jb21cL3dwLWNvbnRlbnRcL3VwbG9hZHNcLzIwMjZcLzAyXC9UaXR1bGFyLTUuanBnIiwic2xpZGVzaG93IjoiYTE0ODFlZiJ9\">\n\t\t\t\t\t<div class=\"e-gallery-image elementor-gallery-item__image\" data-thumbnail=\"https:\/\/hermandadviacrucis.com\/wp-content\/uploads\/2026\/02\/Titular-5-683x1024.jpg\" data-width=\"683\" data-height=\"1024\" aria-label=\"\" role=\"img\" ><\/div>\n\t\t\t\t\t\t\t\t\t\t\t<div class=\"elementor-gallery-item__overlay\"><\/div>\n\t\t\t\t\t\t\t\t\t\t\t\t\t\t<\/a>\n\t\t\t\t\t\t\t<a class=\"e-gallery-item elementor-gallery-item elementor-animated-content\" href=\"https:\/\/hermandadviacrucis.com\/wp-content\/uploads\/2026\/02\/Titular-1.jpg\" data-elementor-open-lightbox=\"yes\" data-elementor-lightbox-slideshow=\"a1481ef\" data-elementor-lightbox-title=\"Titular (1)\" data-e-action-hash=\"#elementor-action%3Aaction%3Dlightbox%26settings%3DeyJpZCI6OTAwNiwidXJsIjoiaHR0cHM6XC9cL2hlcm1hbmRhZHZpYWNydWNpcy5jb21cL3dwLWNvbnRlbnRcL3VwbG9hZHNcLzIwMjZcLzAyXC9UaXR1bGFyLTEuanBnIiwic2xpZGVzaG93IjoiYTE0ODFlZiJ9\">\n\t\t\t\t\t<div class=\"e-gallery-image elementor-gallery-item__image\" data-thumbnail=\"https:\/\/hermandadviacrucis.com\/wp-content\/uploads\/2026\/02\/Titular-1.jpg\" data-width=\"800\" data-height=\"533\" aria-label=\"\" role=\"img\" ><\/div>\n\t\t\t\t\t\t\t\t\t\t\t<div class=\"elementor-gallery-item__overlay\"><\/div>\n\t\t\t\t\t\t\t\t\t\t\t\t\t\t<\/a>\n\t\t\t\t\t\t\t<a class=\"e-gallery-item elementor-gallery-item elementor-animated-content\" href=\"https:\/\/hermandadviacrucis.com\/wp-content\/uploads\/2026\/02\/Titular-10.jpg\" data-elementor-open-lightbox=\"yes\" data-elementor-lightbox-slideshow=\"a1481ef\" data-elementor-lightbox-title=\"Titular (10)\" data-e-action-hash=\"#elementor-action%3Aaction%3Dlightbox%26settings%3DeyJpZCI6OTAxNSwidXJsIjoiaHR0cHM6XC9cL2hlcm1hbmRhZHZpYWNydWNpcy5jb21cL3dwLWNvbnRlbnRcL3VwbG9hZHNcLzIwMjZcLzAyXC9UaXR1bGFyLTEwLmpwZyIsInNsaWRlc2hvdyI6ImExNDgxZWYifQ%3D%3D\">\n\t\t\t\t\t<div class=\"e-gallery-image elementor-gallery-item__image\" data-thumbnail=\"https:\/\/hermandadviacrucis.com\/wp-content\/uploads\/2026\/02\/Titular-10-683x1024.jpg\" data-width=\"683\" data-height=\"1024\" aria-label=\"\" role=\"img\" ><\/div>\n\t\t\t\t\t\t\t\t\t\t\t<div class=\"elementor-gallery-item__overlay\"><\/div>\n\t\t\t\t\t\t\t\t\t\t\t\t\t\t<\/a>\n\t\t\t\t\t\t\t<a class=\"e-gallery-item elementor-gallery-item elementor-animated-content\" href=\"https:\/\/hermandadviacrucis.com\/wp-content\/uploads\/2026\/02\/Titular-11.jpg\" data-elementor-open-lightbox=\"yes\" data-elementor-lightbox-slideshow=\"a1481ef\" data-elementor-lightbox-title=\"Titular (11)\" data-e-action-hash=\"#elementor-action%3Aaction%3Dlightbox%26settings%3DeyJpZCI6OTAxNiwidXJsIjoiaHR0cHM6XC9cL2hlcm1hbmRhZHZpYWNydWNpcy5jb21cL3dwLWNvbnRlbnRcL3VwbG9hZHNcLzIwMjZcLzAyXC9UaXR1bGFyLTExLmpwZyIsInNsaWRlc2hvdyI6ImExNDgxZWYifQ%3D%3D\">\n\t\t\t\t\t<div class=\"e-gallery-image elementor-gallery-item__image\" data-thumbnail=\"https:\/\/hermandadviacrucis.com\/wp-content\/uploads\/2026\/02\/Titular-11-626x1024.jpg\" data-width=\"626\" data-height=\"1024\" aria-label=\"\" role=\"img\" ><\/div>\n\t\t\t\t\t\t\t\t\t\t\t<div class=\"elementor-gallery-item__overlay\"><\/div>\n\t\t\t\t\t\t\t\t\t\t\t\t\t\t<\/a>\n\t\t\t\t\t\t\t<a class=\"e-gallery-item elementor-gallery-item elementor-animated-content\" href=\"https:\/\/hermandadviacrucis.com\/wp-content\/uploads\/2026\/02\/Titular-8.jpg\" data-elementor-open-lightbox=\"yes\" data-elementor-lightbox-slideshow=\"a1481ef\" data-elementor-lightbox-title=\"Titular (8)\" data-e-action-hash=\"#elementor-action%3Aaction%3Dlightbox%26settings%3DeyJpZCI6OTAxMywidXJsIjoiaHR0cHM6XC9cL2hlcm1hbmRhZHZpYWNydWNpcy5jb21cL3dwLWNvbnRlbnRcL3VwbG9hZHNcLzIwMjZcLzAyXC9UaXR1bGFyLTguanBnIiwic2xpZGVzaG93IjoiYTE0ODFlZiJ9\">\n\t\t\t\t\t<div class=\"e-gallery-image elementor-gallery-item__image\" data-thumbnail=\"https:\/\/hermandadviacrucis.com\/wp-content\/uploads\/2026\/02\/Titular-8-683x1024.jpg\" data-width=\"683\" data-height=\"1024\" aria-label=\"\" role=\"img\" ><\/div>\n\t\t\t\t\t\t\t\t\t\t\t<div class=\"elementor-gallery-item__overlay\"><\/div>\n\t\t\t\t\t\t\t\t\t\t\t\t\t\t<\/a>\n\t\t\t\t\t\t\t<a class=\"e-gallery-item elementor-gallery-item elementor-animated-content\" href=\"https:\/\/hermandadviacrucis.com\/wp-content\/uploads\/2026\/02\/Titular-3.jpg\" data-elementor-open-lightbox=\"yes\" data-elementor-lightbox-slideshow=\"a1481ef\" data-elementor-lightbox-title=\"Titular (3)\" data-e-action-hash=\"#elementor-action%3Aaction%3Dlightbox%26settings%3DeyJpZCI6OTAwOCwidXJsIjoiaHR0cHM6XC9cL2hlcm1hbmRhZHZpYWNydWNpcy5jb21cL3dwLWNvbnRlbnRcL3VwbG9hZHNcLzIwMjZcLzAyXC9UaXR1bGFyLTMuanBnIiwic2xpZGVzaG93IjoiYTE0ODFlZiJ9\">\n\t\t\t\t\t<div class=\"e-gallery-image elementor-gallery-item__image\" data-thumbnail=\"https:\/\/hermandadviacrucis.com\/wp-content\/uploads\/2026\/02\/Titular-3-683x1024.jpg\" data-width=\"683\" data-height=\"1024\" aria-label=\"\" role=\"img\" ><\/div>\n\t\t\t\t\t\t\t\t\t\t\t<div class=\"elementor-gallery-item__overlay\"><\/div>\n\t\t\t\t\t\t\t\t\t\t\t\t\t\t<\/a>\n\t\t\t\t\t\t\t<a class=\"e-gallery-item elementor-gallery-item elementor-animated-content\" href=\"https:\/\/hermandadviacrucis.com\/wp-content\/uploads\/2026\/02\/Titular-4.jpg\" data-elementor-open-lightbox=\"yes\" data-elementor-lightbox-slideshow=\"a1481ef\" data-elementor-lightbox-title=\"Titular (4)\" data-e-action-hash=\"#elementor-action%3Aaction%3Dlightbox%26settings%3DeyJpZCI6OTAwOSwidXJsIjoiaHR0cHM6XC9cL2hlcm1hbmRhZHZpYWNydWNpcy5jb21cL3dwLWNvbnRlbnRcL3VwbG9hZHNcLzIwMjZcLzAyXC9UaXR1bGFyLTQuanBnIiwic2xpZGVzaG93IjoiYTE0ODFlZiJ9\">\n\t\t\t\t\t<div class=\"e-gallery-image elementor-gallery-item__image\" data-thumbnail=\"https:\/\/hermandadviacrucis.com\/wp-content\/uploads\/2026\/02\/Titular-4-683x1024.jpg\" data-width=\"683\" data-height=\"1024\" aria-label=\"\" role=\"img\" ><\/div>\n\t\t\t\t\t\t\t\t\t\t\t<div class=\"elementor-gallery-item__overlay\"><\/div>\n\t\t\t\t\t\t\t\t\t\t\t\t\t\t<\/a>\n\t\t\t\t\t\t\t<a class=\"e-gallery-item elementor-gallery-item elementor-animated-content\" href=\"https:\/\/hermandadviacrucis.com\/wp-content\/uploads\/2026\/02\/Titular-12.jpg\" data-elementor-open-lightbox=\"yes\" data-elementor-lightbox-slideshow=\"a1481ef\" data-elementor-lightbox-title=\"Titular (12)\" data-e-action-hash=\"#elementor-action%3Aaction%3Dlightbox%26settings%3DeyJpZCI6OTAxNywidXJsIjoiaHR0cHM6XC9cL2hlcm1hbmRhZHZpYWNydWNpcy5jb21cL3dwLWNvbnRlbnRcL3VwbG9hZHNcLzIwMjZcLzAyXC9UaXR1bGFyLTEyLmpwZyIsInNsaWRlc2hvdyI6ImExNDgxZWYifQ%3D%3D\">\n\t\t\t\t\t<div class=\"e-gallery-image elementor-gallery-item__image\" data-thumbnail=\"https:\/\/hermandadviacrucis.com\/wp-content\/uploads\/2026\/02\/Titular-12-683x1024.jpg\" data-width=\"683\" data-height=\"1024\" aria-label=\"\" role=\"img\" ><\/div>\n\t\t\t\t\t\t\t\t\t\t\t<div class=\"elementor-gallery-item__overlay\"><\/div>\n\t\t\t\t\t\t\t\t\t\t\t\t\t\t<\/a>\n\t\t\t\t\t\t\t<a class=\"e-gallery-item elementor-gallery-item elementor-animated-content\" href=\"https:\/\/hermandadviacrucis.com\/wp-content\/uploads\/2026\/02\/Titular-9.jpg\" data-elementor-open-lightbox=\"yes\" data-elementor-lightbox-slideshow=\"a1481ef\" data-elementor-lightbox-title=\"Titular (9)\" data-e-action-hash=\"#elementor-action%3Aaction%3Dlightbox%26settings%3DeyJpZCI6OTAxNCwidXJsIjoiaHR0cHM6XC9cL2hlcm1hbmRhZHZpYWNydWNpcy5jb21cL3dwLWNvbnRlbnRcL3VwbG9hZHNcLzIwMjZcLzAyXC9UaXR1bGFyLTkuanBnIiwic2xpZGVzaG93IjoiYTE0ODFlZiJ9\">\n\t\t\t\t\t<div class=\"e-gallery-image elementor-gallery-item__image\" data-thumbnail=\"https:\/\/hermandadviacrucis.com\/wp-content\/uploads\/2026\/02\/Titular-9-683x1024.jpg\" data-width=\"683\" data-height=\"1024\" aria-label=\"\" role=\"img\" ><\/div>\n\t\t\t\t\t\t\t\t\t\t\t<div class=\"elementor-gallery-item__overlay\"><\/div>\n\t\t\t\t\t\t\t\t\t\t\t\t\t\t<\/a>\n\t\t\t\t\t\t\t<a class=\"e-gallery-item elementor-gallery-item elementor-animated-content\" href=\"https:\/\/hermandadviacrucis.com\/wp-content\/uploads\/2026\/02\/Titular-7.jpg\" data-elementor-open-lightbox=\"yes\" data-elementor-lightbox-slideshow=\"a1481ef\" data-elementor-lightbox-title=\"Titular (7)\" data-e-action-hash=\"#elementor-action%3Aaction%3Dlightbox%26settings%3DeyJpZCI6OTAxMiwidXJsIjoiaHR0cHM6XC9cL2hlcm1hbmRhZHZpYWNydWNpcy5jb21cL3dwLWNvbnRlbnRcL3VwbG9hZHNcLzIwMjZcLzAyXC9UaXR1bGFyLTcuanBnIiwic2xpZGVzaG93IjoiYTE0ODFlZiJ9\">\n\t\t\t\t\t<div class=\"e-gallery-image elementor-gallery-item__image\" data-thumbnail=\"https:\/\/hermandadviacrucis.com\/wp-content\/uploads\/2026\/02\/Titular-7-683x1024.jpg\" data-width=\"683\" data-height=\"1024\" aria-label=\"\" role=\"img\" ><\/div>\n\t\t\t\t\t\t\t\t\t\t\t<div class=\"elementor-gallery-item__overlay\"><\/div>\n\t\t\t\t\t\t\t\t\t\t\t\t\t\t<\/a>\n\t\t\t\t\t<\/div>\n\t\t\t\t\t<\/div>\n\t\t\t\t\t<\/div>\n\t\t\t\t<\/div>\n\t\t\t\t<\/div>\n\t\t","protected":false},"excerpt":{"rendered":"<p>Titular El Santo Cristo de la Salud ocupa el altar situado en el lado izquierdo de la antigua iglesia trinitaria. [&hellip;]<\/p>\n","protected":false},"author":1,"featured_media":0,"parent":0,"menu_order":0,"comment_status":"closed","ping_status":"closed","template":"elementor_header_footer","meta":{"site-sidebar-layout":"no-sidebar","site-content-layout":"","ast-site-content-layout":"full-width-container","site-content-style":"default","site-sidebar-style":"default","ast-global-header-display":"","ast-banner-title-visibility":"","ast-main-header-display":"","ast-hfb-above-header-display":"","ast-hfb-below-header-display":"","ast-hfb-mobile-header-display":"","site-post-title":"","ast-breadcrumbs-content":"","ast-featured-img":"disabled","footer-sml-layout":"","ast-disable-related-posts":"","theme-transparent-header-meta":"","adv-header-id-meta":"","stick-header-meta":"","header-above-stick-meta":"","header-main-stick-meta":"","header-below-stick-meta":"","astra-migrate-meta-layouts":"default","ast-page-background-enabled":"default","ast-page-background-meta":{"desktop":{"background-color":"var(--ast-global-color-5)","background-image":"","background-repeat":"repeat","background-position":"center center","background-size":"auto","background-attachment":"scroll","background-type":"","background-media":"","overlay-type":"","overlay-color":"","overlay-opacity":"","overlay-gradient":""},"tablet":{"background-color":"","background-image":"","background-repeat":"repeat","background-position":"center center","background-size":"auto","background-attachment":"scroll","background-type":"","background-media":"","overlay-type":"","overlay-color":"","overlay-opacity":"","overlay-gradient":""},"mobile":{"background-color":"","background-image":"","background-repeat":"repeat","background-position":"center center","background-size":"auto","background-attachment":"scroll","background-type":"","background-media":"","overlay-type":"","overlay-color":"","overlay-opacity":"","overlay-gradient":""}},"ast-content-background-meta":{"desktop":{"background-color":"var(--ast-global-color-4)","background-image":"","background-repeat":"repeat","background-position":"center center","background-size":"auto","background-attachment":"scroll","background-type":"","background-media":"","overlay-type":"","overlay-color":"","overlay-opacity":"","overlay-gradient":""},"tablet":{"background-color":"var(--ast-global-color-4)","background-image":"","background-repeat":"repeat","background-position":"center center","background-size":"auto","background-attachment":"scroll","background-type":"","background-media":"","overlay-type":"","overlay-color":"","overlay-opacity":"","overlay-gradient":""},"mobile":{"background-color":"var(--ast-global-color-4)","background-image":"","background-repeat":"repeat","background-position":"center center","background-size":"auto","background-attachment":"scroll","background-type":"","background-media":"","overlay-type":"","overlay-color":"","overlay-opacity":"","overlay-gradient":""}},"_joinchat":[],"footnotes":""},"class_list":["post-47","page","type-page","status-publish","hentry"],"_links":{"self":[{"href":"https:\/\/hermandadviacrucis.com\/index.php\/wp-json\/wp\/v2\/pages\/47","targetHints":{"allow":["GET"]}}],"collection":[{"href":"https:\/\/hermandadviacrucis.com\/index.php\/wp-json\/wp\/v2\/pages"}],"about":[{"href":"https:\/\/hermandadviacrucis.com\/index.php\/wp-json\/wp\/v2\/types\/page"}],"author":[{"embeddable":true,"href":"https:\/\/hermandadviacrucis.com\/index.php\/wp-json\/wp\/v2\/users\/1"}],"replies":[{"embeddable":true,"href":"https:\/\/hermandadviacrucis.com\/index.php\/wp-json\/wp\/v2\/comments?post=47"}],"version-history":[{"count":7,"href":"https:\/\/hermandadviacrucis.com\/index.php\/wp-json\/wp\/v2\/pages\/47\/revisions"}],"predecessor-version":[{"id":9020,"href":"https:\/\/hermandadviacrucis.com\/index.php\/wp-json\/wp\/v2\/pages\/47\/revisions\/9020"}],"wp:attachment":[{"href":"https:\/\/hermandadviacrucis.com\/index.php\/wp-json\/wp\/v2\/media?parent=47"}],"curies":[{"name":"wp","href":"https:\/\/api.w.org\/{rel}","templated":true}]}}