{"id":8,"date":"2025-11-15T08:23:26","date_gmt":"2025-11-15T08:23:26","guid":{"rendered":"https:\/\/hermandadviacrucis.ihermandad.es\/?page_id=8"},"modified":"2026-02-03T00:34:28","modified_gmt":"2026-02-03T00:34:28","slug":"historia","status":"publish","type":"page","link":"https:\/\/hermandadviacrucis.com\/index.php\/historia\/","title":{"rendered":"Historia"},"content":{"rendered":"\t\t<div data-elementor-type=\"wp-page\" data-elementor-id=\"8\" class=\"elementor elementor-8\" data-elementor-post-type=\"page\">\n\t\t\t\t<div class=\"elementor-element elementor-element-cd02297 e-flex e-con-boxed e-con e-parent\" data-id=\"cd02297\" data-element_type=\"container\" data-e-type=\"container\">\n\t\t\t\t\t<div class=\"e-con-inner\">\n\t\t\t\t<div class=\"elementor-element elementor-element-c1a186b elementor-widget elementor-widget-image\" data-id=\"c1a186b\" data-element_type=\"widget\" data-e-type=\"widget\" data-widget_type=\"image.default\">\n\t\t\t\t\t\t\t\t\t\t\t\t\t\t\t<img fetchpriority=\"high\" decoding=\"async\" width=\"1024\" height=\"791\" src=\"https:\/\/hermandadviacrucis.com\/wp-content\/uploads\/2026\/02\/21-e1770078803689-1024x791.jpg\" class=\"attachment-large size-large wp-image-9026\" alt=\"\" srcset=\"https:\/\/hermandadviacrucis.com\/wp-content\/uploads\/2026\/02\/21-e1770078803689-1024x791.jpg 1024w, https:\/\/hermandadviacrucis.com\/wp-content\/uploads\/2026\/02\/21-e1770078803689-300x232.jpg 300w, https:\/\/hermandadviacrucis.com\/wp-content\/uploads\/2026\/02\/21-e1770078803689-768x593.jpg 768w, https:\/\/hermandadviacrucis.com\/wp-content\/uploads\/2026\/02\/21-e1770078803689-1536x1187.jpg 1536w, https:\/\/hermandadviacrucis.com\/wp-content\/uploads\/2026\/02\/21-e1770078803689-2048x1583.jpg 2048w\" sizes=\"(max-width: 1024px) 100vw, 1024px\" \/>\t\t\t\t\t\t\t\t\t\t\t\t\t\t\t<\/div>\n\t\t\t\t\t<\/div>\n\t\t\t\t<\/div>\n\t\t<div class=\"elementor-element elementor-element-776d318 e-flex e-con-boxed e-con e-parent\" data-id=\"776d318\" data-element_type=\"container\" data-e-type=\"container\">\n\t\t\t\t\t<div class=\"e-con-inner\">\n\t\t\t\t<div class=\"elementor-element elementor-element-a389eee elementor-widget elementor-widget-html\" data-id=\"a389eee\" data-element_type=\"widget\" data-e-type=\"widget\" data-widget_type=\"html.default\">\n\t\t\t\t\t<div class=\"timeline-estrella\">\r\n  <h2 class=\"timeline-titulo\">Historia de la Hermandad<\/h2>\r\n\r\n  <!-- SIGLO XV - DERECHA (1\u00ba) -->\r\n  <div class=\"timeline-row derecha\">\r\n    <div class=\"timeline-inner\">\r\n      <div class=\"timeline-anio\">S. XV<\/div>\r\n      <div class=\"timeline-texto\">\r\n        <p>\r\n          C\u00f3rdoba es la primera ciudad en Occidente que, a primeros del siglo XV,\r\n          inicia la devoci\u00f3n al V\u00eda Crucis que San \u00c1lvaro instituy\u00f3 en los\r\n          aleda\u00f1os de la sierra cordobesa, hecho determinante en la configuraci\u00f3n\r\n          de la cofrad\u00eda.\r\n        <\/p>\r\n      <\/div>\r\n    <\/div>\r\n  <\/div>\r\n\r\n  <!-- 1968 - IZQUIERDA (2\u00ba) -->\r\n  <div class=\"timeline-row izquierda\">\r\n    <div class=\"timeline-inner\">\r\n      <div class=\"timeline-anio\">1968<\/div>\r\n      <div class=\"timeline-texto\">\r\n        <p>\r\n          En el a\u00f1o 68 surge la idea entre un grupo de seis j\u00f3venes que transmiten\r\n          a un grupo de treinta y tres amigos y cofrades, d\u00e1ndose as\u00ed los primeros\r\n          pasos para procesionar a un crucificado existente en la Trinidad.\r\n        <\/p>\r\n      <\/div>\r\n    <\/div>\r\n  <\/div>\r\n\r\n  <!-- 1972 - DERECHA (3\u00ba) -->\r\n  <div class=\"timeline-row derecha\">\r\n    <div class=\"timeline-inner\">\r\n      <div class=\"timeline-anio\">1972<\/div>\r\n      <div class=\"timeline-texto\">\r\n        <p>\r\n          El 17 de abril de 1972 se redactan unos estatutos que son aprobados el\r\n          15 de diciembre del mismo a\u00f1o por el obispo de la di\u00f3cesis, Monse\u00f1or Cirarda.\r\n          Inmediatamente despu\u00e9s de la aprobaci\u00f3n de los estatutos tuvieron lugar\r\n          las elecciones, en las que D. \u00c1ngel Ram\u00edrez Cordero es elegido primer\r\n          hermano mayor de la Hermandad.\r\n        <\/p>\r\n        <p>\r\n          Sobriedad, austeridad y silencio son las caracter\u00edsticas que se quieren\r\n          imprimir a la Hermandad, para definir el estilo de la misma.\r\n        <\/p>\r\n        <p>\r\n          A todo ello hemos de unir unas ideas perfectamente claras que determinan\r\n          la idiosincrasia de la Hermandad.\r\n        <\/p>\r\n      <\/div>\r\n    <\/div>\r\n  <\/div>\r\n\r\n  <!-- 1973 - IZQUIERDA (4\u00ba) -->\r\n  <div class=\"timeline-row izquierda\">\r\n    <div class=\"timeline-inner\">\r\n      <div class=\"timeline-anio\">1973<\/div>\r\n      <div class=\"timeline-texto\">\r\n        <p>\r\n          Fue el 17 de abril de 1973 cuando la Hermandad realiz\u00f3 su primera\r\n          estaci\u00f3n de penitencia, tras la Hermandad de la Merced y precediendo\r\n          a \u00c1nimas. La Sentencia fue el primer paso en salir aquel d\u00eda.\r\n        <\/p>\r\n        <p>\r\n          Las filas nazarenas estaban compuestas por pocos hermanos e incluso\r\n          alguna hermana, hecho ins\u00f3lito que contrastaba con la realidad cofrade\r\n          imperante, aportando un nuevo aire. Nervios y una gran responsabilidad\r\n          en los cofrades que, aquel d\u00eda, con m\u00e1s ilusi\u00f3n que medios, iniciaron\r\n          una historia que cincuenta a\u00f1os despu\u00e9s es una realidad asentada.\r\n        <\/p>\r\n        <p>\r\n          A partir de 1973 la Hermandad no ha hecho sino crecer y madurar: en el\r\n          volumen de hermanos y nazarenos, en participaci\u00f3n y colaboraci\u00f3n en la\r\n          vida cofrade, social, asistencial y de Iglesia de la ciudad.\r\n        <\/p>\r\n      <\/div>\r\n    <\/div>\r\n  <\/div>\r\n\r\n  <!-- 1976 - DERECHA (5\u00ba) -->\r\n  <div class=\"timeline-row derecha\">\r\n    <div class=\"timeline-inner\">\r\n      <div class=\"timeline-anio\">1976<\/div>\r\n      <div class=\"timeline-texto\">\r\n        <p>\r\n          Hasta 1976 esta es la denominaci\u00f3n de la Hermandad; en este a\u00f1o cambia,\r\n          restituyendo al Cristo su advocaci\u00f3n tradicional, con la que es conocido\r\n          por la mayor\u00eda de los fieles y que data de 1590, tal y como recogen\r\n          Teodomiro Mart\u00ednez de Arellano en sus \u201cPaseos por C\u00f3rdoba\u201d y\r\n          Luis Mar\u00eda de las Casas-Deza en el \u201cIndicador cordob\u00e9s\u201d de 1873.\r\n        <\/p>\r\n      <\/div>\r\n    <\/div>\r\n  <\/div>\r\n<\/div>\r\n\t\t\t\t<\/div>\n\t\t\t\t\t<\/div>\n\t\t\t\t<\/div>\n\t\t<div class=\"elementor-element elementor-element-f69c49c e-flex e-con-boxed e-con e-parent\" data-id=\"f69c49c\" data-element_type=\"container\" data-e-type=\"container\">\n\t\t\t\t\t<div class=\"e-con-inner\">\n\t\t\t\t<div class=\"elementor-element elementor-element-6f473b9 elementor-widget elementor-widget-gallery\" data-id=\"6f473b9\" data-element_type=\"widget\" data-e-type=\"widget\" data-settings=\"{&quot;gallery_layout&quot;:&quot;masonry&quot;,&quot;columns&quot;:3,&quot;lazyload&quot;:&quot;yes&quot;,&quot;columns_tablet&quot;:2,&quot;columns_mobile&quot;:1,&quot;gap&quot;:{&quot;unit&quot;:&quot;px&quot;,&quot;size&quot;:10,&quot;sizes&quot;:[]},&quot;gap_tablet&quot;:{&quot;unit&quot;:&quot;px&quot;,&quot;size&quot;:10,&quot;sizes&quot;:[]},&quot;gap_mobile&quot;:{&quot;unit&quot;:&quot;px&quot;,&quot;size&quot;:10,&quot;sizes&quot;:[]},&quot;link_to&quot;:&quot;file&quot;,&quot;overlay_background&quot;:&quot;yes&quot;,&quot;content_hover_animation&quot;:&quot;fade-in&quot;}\" data-widget_type=\"gallery.default\">\n\t\t\t\t\t\t\t<div class=\"elementor-gallery__container\">\n\t\t\t\t\t\t\t<a class=\"e-gallery-item elementor-gallery-item elementor-animated-content\" href=\"https:\/\/hermandadviacrucis.com\/wp-content\/uploads\/2026\/02\/12.jpg\" data-elementor-open-lightbox=\"yes\" data-elementor-lightbox-slideshow=\"6f473b9\" data-elementor-lightbox-title=\"12\" data-e-action-hash=\"#elementor-action%3Aaction%3Dlightbox%26settings%3DeyJpZCI6OTAyMiwidXJsIjoiaHR0cHM6XC9cL2hlcm1hbmRhZHZpYWNydWNpcy5jb21cL3dwLWNvbnRlbnRcL3VwbG9hZHNcLzIwMjZcLzAyXC8xMi5qcGciLCJzbGlkZXNob3ciOiI2ZjQ3M2I5In0%3D\">\n\t\t\t\t\t<div class=\"e-gallery-image elementor-gallery-item__image\" data-thumbnail=\"https:\/\/hermandadviacrucis.com\/wp-content\/uploads\/2026\/02\/12-232x300.jpg\" data-width=\"232\" data-height=\"300\" aria-label=\"\" role=\"img\" ><\/div>\n\t\t\t\t\t\t\t\t\t\t\t<div class=\"elementor-gallery-item__overlay\"><\/div>\n\t\t\t\t\t\t\t\t\t\t\t\t\t\t<\/a>\n\t\t\t\t\t\t\t<a class=\"e-gallery-item elementor-gallery-item elementor-animated-content\" href=\"https:\/\/hermandadviacrucis.com\/wp-content\/uploads\/2026\/02\/13.jpg\" data-elementor-open-lightbox=\"yes\" data-elementor-lightbox-slideshow=\"6f473b9\" data-elementor-lightbox-title=\"13\" data-e-action-hash=\"#elementor-action%3Aaction%3Dlightbox%26settings%3DeyJpZCI6OTAyMywidXJsIjoiaHR0cHM6XC9cL2hlcm1hbmRhZHZpYWNydWNpcy5jb21cL3dwLWNvbnRlbnRcL3VwbG9hZHNcLzIwMjZcLzAyXC8xMy5qcGciLCJzbGlkZXNob3ciOiI2ZjQ3M2I5In0%3D\">\n\t\t\t\t\t<div class=\"e-gallery-image elementor-gallery-item__image\" data-thumbnail=\"https:\/\/hermandadviacrucis.com\/wp-content\/uploads\/2026\/02\/13-232x300.jpg\" data-width=\"232\" data-height=\"300\" aria-label=\"\" role=\"img\" ><\/div>\n\t\t\t\t\t\t\t\t\t\t\t<div class=\"elementor-gallery-item__overlay\"><\/div>\n\t\t\t\t\t\t\t\t\t\t\t\t\t\t<\/a>\n\t\t\t\t\t\t\t<a class=\"e-gallery-item elementor-gallery-item elementor-animated-content\" href=\"https:\/\/hermandadviacrucis.com\/wp-content\/uploads\/2026\/02\/20.jpg\" data-elementor-open-lightbox=\"yes\" data-elementor-lightbox-slideshow=\"6f473b9\" data-elementor-lightbox-title=\"20\" data-e-action-hash=\"#elementor-action%3Aaction%3Dlightbox%26settings%3DeyJpZCI6OTAyNSwidXJsIjoiaHR0cHM6XC9cL2hlcm1hbmRhZHZpYWNydWNpcy5jb21cL3dwLWNvbnRlbnRcL3VwbG9hZHNcLzIwMjZcLzAyXC8yMC5qcGciLCJzbGlkZXNob3ciOiI2ZjQ3M2I5In0%3D\">\n\t\t\t\t\t<div class=\"e-gallery-image elementor-gallery-item__image\" data-thumbnail=\"https:\/\/hermandadviacrucis.com\/wp-content\/uploads\/2026\/02\/20-232x300.jpg\" data-width=\"232\" data-height=\"300\" aria-label=\"\" role=\"img\" ><\/div>\n\t\t\t\t\t\t\t\t\t\t\t<div class=\"elementor-gallery-item__overlay\"><\/div>\n\t\t\t\t\t\t\t\t\t\t\t\t\t\t<\/a>\n\t\t\t\t\t\t\t<a class=\"e-gallery-item elementor-gallery-item elementor-animated-content\" href=\"https:\/\/hermandadviacrucis.com\/wp-content\/uploads\/2026\/02\/21-e1770078803689.jpg\" data-elementor-open-lightbox=\"yes\" data-elementor-lightbox-slideshow=\"6f473b9\" data-elementor-lightbox-title=\"21\" data-e-action-hash=\"#elementor-action%3Aaction%3Dlightbox%26settings%3DeyJpZCI6OTAyNiwidXJsIjoiaHR0cHM6XC9cL2hlcm1hbmRhZHZpYWNydWNpcy5jb21cL3dwLWNvbnRlbnRcL3VwbG9hZHNcLzIwMjZcLzAyXC8yMS1lMTc3MDA3ODgwMzY4OS5qcGciLCJzbGlkZXNob3ciOiI2ZjQ3M2I5In0%3D\">\n\t\t\t\t\t<div class=\"e-gallery-image elementor-gallery-item__image\" data-thumbnail=\"https:\/\/hermandadviacrucis.com\/wp-content\/uploads\/2026\/02\/21-e1770078803689-300x232.jpg\" data-width=\"300\" data-height=\"232\" aria-label=\"\" role=\"img\" ><\/div>\n\t\t\t\t\t\t\t\t\t\t\t<div class=\"elementor-gallery-item__overlay\"><\/div>\n\t\t\t\t\t\t\t\t\t\t\t\t\t\t<\/a>\n\t\t\t\t\t\t\t<a class=\"e-gallery-item elementor-gallery-item elementor-animated-content\" href=\"https:\/\/hermandadviacrucis.com\/wp-content\/uploads\/2026\/02\/25anos2.jpg\" data-elementor-open-lightbox=\"yes\" data-elementor-lightbox-slideshow=\"6f473b9\" data-elementor-lightbox-title=\"25a\u00f1os2\" data-e-action-hash=\"#elementor-action%3Aaction%3Dlightbox%26settings%3DeyJpZCI6OTAyOCwidXJsIjoiaHR0cHM6XC9cL2hlcm1hbmRhZHZpYWNydWNpcy5jb21cL3dwLWNvbnRlbnRcL3VwbG9hZHNcLzIwMjZcLzAyXC8yNWFub3MyLmpwZyIsInNsaWRlc2hvdyI6IjZmNDczYjkifQ%3D%3D\">\n\t\t\t\t\t<div class=\"e-gallery-image elementor-gallery-item__image\" data-thumbnail=\"https:\/\/hermandadviacrucis.com\/wp-content\/uploads\/2026\/02\/25anos2-232x300.jpg\" data-width=\"232\" data-height=\"300\" aria-label=\"\" role=\"img\" ><\/div>\n\t\t\t\t\t\t\t\t\t\t\t<div class=\"elementor-gallery-item__overlay\"><\/div>\n\t\t\t\t\t\t\t\t\t\t\t\t\t\t<\/a>\n\t\t\t\t\t\t\t<a class=\"e-gallery-item elementor-gallery-item elementor-animated-content\" href=\"https:\/\/hermandadviacrucis.com\/wp-content\/uploads\/2026\/02\/25anos5.jpg\" data-elementor-open-lightbox=\"yes\" data-elementor-lightbox-slideshow=\"6f473b9\" data-elementor-lightbox-title=\"25a\u00f1os5\" data-e-action-hash=\"#elementor-action%3Aaction%3Dlightbox%26settings%3DeyJpZCI6OTAzMCwidXJsIjoiaHR0cHM6XC9cL2hlcm1hbmRhZHZpYWNydWNpcy5jb21cL3dwLWNvbnRlbnRcL3VwbG9hZHNcLzIwMjZcLzAyXC8yNWFub3M1LmpwZyIsInNsaWRlc2hvdyI6IjZmNDczYjkifQ%3D%3D\">\n\t\t\t\t\t<div class=\"e-gallery-image elementor-gallery-item__image\" data-thumbnail=\"https:\/\/hermandadviacrucis.com\/wp-content\/uploads\/2026\/02\/25anos5-232x300.jpg\" data-width=\"232\" data-height=\"300\" aria-label=\"\" role=\"img\" ><\/div>\n\t\t\t\t\t\t\t\t\t\t\t<div class=\"elementor-gallery-item__overlay\"><\/div>\n\t\t\t\t\t\t\t\t\t\t\t\t\t\t<\/a>\n\t\t\t\t\t<\/div>\n\t\t\t\t\t<\/div>\n\t\t\t\t\t<\/div>\n\t\t\t\t<\/div>\n\t\t\t\t<\/div>\n\t\t","protected":false},"excerpt":{"rendered":"<p>Historia de la Hermandad S. XV C\u00f3rdoba es la primera ciudad en Occidente que, a primeros del siglo XV, inicia [&hellip;]<\/p>\n","protected":false},"author":1,"featured_media":0,"parent":0,"menu_order":0,"comment_status":"closed","ping_status":"closed","template":"elementor_header_footer","meta":{"site-sidebar-layout":"default","site-content-layout":"","ast-site-content-layout":"default","site-content-style":"default","site-sidebar-style":"default","ast-global-header-display":"","ast-banner-title-visibility":"","ast-main-header-display":"","ast-hfb-above-header-display":"","ast-hfb-below-header-display":"","ast-hfb-mobile-header-display":"","site-post-title":"","ast-breadcrumbs-content":"","ast-featured-img":"","footer-sml-layout":"","ast-disable-related-posts":"","theme-transparent-header-meta":"","adv-header-id-meta":"","stick-header-meta":"","header-above-stick-meta":"","header-main-stick-meta":"","header-below-stick-meta":"","astra-migrate-meta-layouts":"default","ast-page-background-enabled":"default","ast-page-background-meta":{"desktop":{"background-color":"var(--ast-global-color-5)","background-image":"","background-repeat":"repeat","background-position":"center center","background-size":"auto","background-attachment":"scroll","background-type":"","background-media":"","overlay-type":"","overlay-color":"","overlay-opacity":"","overlay-gradient":""},"tablet":{"background-color":"","background-image":"","background-repeat":"repeat","background-position":"center center","background-size":"auto","background-attachment":"scroll","background-type":"","background-media":"","overlay-type":"","overlay-color":"","overlay-opacity":"","overlay-gradient":""},"mobile":{"background-color":"","background-image":"","background-repeat":"repeat","background-position":"center center","background-size":"auto","background-attachment":"scroll","background-type":"","background-media":"","overlay-type":"","overlay-color":"","overlay-opacity":"","overlay-gradient":""}},"ast-content-background-meta":{"desktop":{"background-color":"var(--ast-global-color-4)","background-image":"","background-repeat":"repeat","background-position":"center center","background-size":"auto","background-attachment":"scroll","background-type":"","background-media":"","overlay-type":"","overlay-color":"","overlay-opacity":"","overlay-gradient":""},"tablet":{"background-color":"var(--ast-global-color-4)","background-image":"","background-repeat":"repeat","background-position":"center center","background-size":"auto","background-attachment":"scroll","background-type":"","background-media":"","overlay-type":"","overlay-color":"","overlay-opacity":"","overlay-gradient":""},"mobile":{"background-color":"var(--ast-global-color-4)","background-image":"","background-repeat":"repeat","background-position":"center center","background-size":"auto","background-attachment":"scroll","background-type":"","background-media":"","overlay-type":"","overlay-color":"","overlay-opacity":"","overlay-gradient":""}},"_joinchat":[],"footnotes":""},"class_list":["post-8","page","type-page","status-publish","hentry"],"_links":{"self":[{"href":"https:\/\/hermandadviacrucis.com\/index.php\/wp-json\/wp\/v2\/pages\/8","targetHints":{"allow":["GET"]}}],"collection":[{"href":"https:\/\/hermandadviacrucis.com\/index.php\/wp-json\/wp\/v2\/pages"}],"about":[{"href":"https:\/\/hermandadviacrucis.com\/index.php\/wp-json\/wp\/v2\/types\/page"}],"author":[{"embeddable":true,"href":"https:\/\/hermandadviacrucis.com\/index.php\/wp-json\/wp\/v2\/users\/1"}],"replies":[{"embeddable":true,"href":"https:\/\/hermandadviacrucis.com\/index.php\/wp-json\/wp\/v2\/comments?post=8"}],"version-history":[{"count":19,"href":"https:\/\/hermandadviacrucis.com\/index.php\/wp-json\/wp\/v2\/pages\/8\/revisions"}],"predecessor-version":[{"id":9033,"href":"https:\/\/hermandadviacrucis.com\/index.php\/wp-json\/wp\/v2\/pages\/8\/revisions\/9033"}],"wp:attachment":[{"href":"https:\/\/hermandadviacrucis.com\/index.php\/wp-json\/wp\/v2\/media?parent=8"}],"curies":[{"name":"wp","href":"https:\/\/api.w.org\/{rel}","templated":true}]}}